91501 a prime number?
False
Is 3106130567 prime?
False
Is 3017942987 a composite number?
False
Is 1041333311 a composite number?
False
Is 1183007641 prime?
False
Is 1370865343 a prime number?
False
Is 35514106499 a composite number?
True
Is 7635112115 composite?
True
Is 12505884541 composite?
False
Is 9613735427 composite?
False
Is 22872690383 a prime number?
True
Is 18036879523 a composite number?
True
Is 36610791907 composite?
False
Is 382520263 a prime number?
False
Is 19552378501 composite?
True
Is 11980746031 composite?
False
Is 1563190367 prime?
True
Is 421418003 composite?
False
Is 47511237233 a composite number?
False
Is 735746267 prime?
True
Is 205063559 prime?
True
Is 16013867237 prime?
True
Is 2756694433 prime?
True
Is 569310983 prime?
False
Is 32028457001 composite?
True
Is 3631813441 a composite number?
True
Is 6083659853 a composite number?
False
Is 26105007553 composite?
True
Is 36978103 a prime number?
False
Is 242057099 composite?
False
Is 512266157 a prime number?
False
Is 20229695363 prime?
True
Is 1250974271 a prime number?
True
Is 25061270231 composite?
False
Is 234680389 a composite number?
False
Is 9716636099 a prime number?
False
Is 387099343 composite?
False
Is 16095931273 a composite number?
True
Is 4025908361 prime?
True
Is 1138676521 a prime number?
False
Is 78524561 composite?
True
Is 1243793351 prime?
True
Is 29351035739 prime?
False
Is 630834961 a prime number?
False
Is 1520242993 a composite number?
False
Is 109534899 a composite number?
True
Is 3046336351 prime?
False
Is 7181079587 composite?
True
Is 12792019199 a composite number?
True
Is 1547497411 prime?
True
Is 3892341527 composite?
False
Is 5490247921 composite?
False
Is 5003553579 a composite number?
True
Is 53514962083 composite?
True
Is 666554953 a composite number?
True
Is 3732506153 a composite number?
False
Is 65674465999 a composite number?
False
Is 33420604271 a composite number?
True
Is 327756131 a prime number?
True
Is 1933222727 composite?
False
Is 68225013917 prime?
False
Is 8003020541 composite?
True
Is 22373906479 a prime number?
False
Is 190617103 a prime number?
True
Is 6441274871 prime?
True
Is 90759463 a composite number?
True
Is 316833341303 prime?
True
Is 236606571563 composite?
True
Is 12297440391 a composite number?
True
Is 886532833 composite?
True
Is 16592140083 prime?
False
Is 42569061859 a composite number?
False
Is 50301436333 composite?
True
Is 9538297415 a prime number?
False
Is 146031019 prime?
True
Is 33323788853 a composite number?
True
Is 2504803073 a prime number?
True
Is 73234155947 prime?
True
Is 78748081783 composite?
True
Is 74916326449 prime?
True
Is 777613649 prime?
True
Is 141215566811 a prime number?
False
Is 12278051701 a prime number?
False
Is 14644829417 prime?
True
Is 1594013627 a prime number?
False
Is 44613283619 composite?
False
Is 820597747 a composite number?
False
Is 1459024309 a prime number?
True
Is 676508213 composite?
True
Is 7874333477 prime?
True
Is 1292094703 a composite number?
False
Is 1840783303 a prime number?
False
Is 1879397263 a composite number?
True
Is 4246595813 prime?
True
Is 115030829 a prime number?
False
Is 2359790107 a prime number?
False
Is 12788987 a prime number?
False
Is 1264643 a composite number?
False
Is 1442602387 composite?
True
Is 7718891 composite?
False
Is 427356486367 composite?
False
Is 3390676561 prime?
True
Is 10523080259 prime?
True
Is 1324405487 composite?
True
Is 2441963149 a prime number?
False
Is 53675989 composite?
True
Is 27651065857 prime?
True
Is 560773817 prime?
True
Is 23250581 a composite number?
False
Is 11013209 a composite number?
False
Is 958490257 prime?
False
Is 21446181957 composite?
True
Is 435626547099 composite?
True
Is 15927224197 composite?
True
Is 35123911783 composite?
False
Is 1798668511 composite?
False
Is 1018501967 composite?
True
Is 71525017241 a prime number?
False
Is 1468334677 a prime number?
False
Is 1715250991 a composite number?
True
Is 1112002127 prime?
True
Is 447102703 prime?
False
Is 18285791198 composite?
True
Is 8336876029 prime?
True
Is 6359857919 prime?
False
Is 40060239757 prime?
False
Is 76006221 a composite number?
True
Is 16254410483 a prime number?
True
Is 17779953371 a composite number?
True
Is 3509378123 composite?
False
Is 40887397541 a prime number?
True
Is 3904119899 composite?
True
Is 31983183157 a prime number?
True
Is 1096544305 prime?
False
Is 354682213 a prime number?
False
Is 2280609437 a prime number?
True
Is 26765728021 prime?
False
Is 17139502031 composite?
False
Is 242059627 a prime number?
True
Is 2615082947 a prime number?
False
Is 2274202981 composite?
False
Is 3571433009 a prime number?
False
Is 12402008051 prime?
True
Is 63322219339 prime?
True
Is 33118162979 a composite number?
True
Is 1355718437 a composite number?
False
Is 4140682229 composite?
False
Is 53915963081 prime?
False
Is 2034813589 composite?
True
Is 237613327519 a composite number?
True
Is 9618946657 prime?
True
Is 167638861907 a composite number?
True
Is 90787819 composite?
False
Is 606698833 a prime number?
False
Is 883660739 composite?
True
Is 4801521899 composite?
True
Is 80886425579 a prime number?
False
Is 45216765589 composite?
False
Is 10748893 composite?
False
Is 36286343 prime?
False
Is 76330696019 composite?
False
Is 15510373129 prime?
False
Is 12404499659 prime?
True
Is 33438120481 composite?
False
Is 6078094193 a prime number?
True
Is 2340917429 a composite number?
True
Is 47959236563 a prime number?
False
Is 185791334971 prime?
False
Is 35120973959 a prime number?
True
Is 53782583389 a composite number?
True
Is 21990120197 a composite number?
False
Is 4798413055 a prime number?
False
Is 29304863591 composite?
False
Is 116026949 composite?
False
Is 15782620343 a composite number?
True
Is 814398929 a prime number?
True
Is 53105453 a prime number?
True
Is 25942111618 composite?
True
Is 7079850023 a prime number?
False
Is 236204279 a composite number?
True
Is 3294878137 a prime number?
False
Is 399176637177 a composite number?
True
Is 267120277 a composite number?
False
Is 64546453 composite?
False
Is 41621860589 composite?
False
Is 2104570831 prime?
False
Is 1829383079 prime?
False
Is 162597737 prime?
False
Is 1421863643 prime?
False
Is 644690149 prime?
False
Is 535370179 a composite number?
False
Is 479091713 a prime number?
False
Is 31407611693 a composite number?
False
Is 1462167893 prime?
False
Is 5562285314 composite?
True
Is 4815190403 prime?
True
Is 4029961907 prime?
False
Is 28870510199 a composite number?
False
Is 15492569837 prime?
False
Is 14165904683 a composite number?
True
Is 930943087 a composite number?
True
Is 94715638777 composite?
False
Is 20125449683 a composite number?
False
Is 526049291 prime?
True
Is 39164606407 a composite number?
False
Is 14376879471 composite?
True
Is 13261583743 a prime number?
False
Is 6055512709 a composite number?
False
Is 225905671 composite?
False
Is 311878547 composite?
False
Is 15148585807 composite?
False
Is 143544151 a composite number?
False
Is 9539168567 prime?
False
Is 179937869 prime?
True
Is 2722629673 composite?
False
Is 1149918443 composite?
True
Is 4037797241 prime?
True
Is 61041366707 composite?
False
Is 105981277 prime?
False
Is 26552421719 a prime number?
True
Is 931206457 composite?
False
Is 2958501839 a composite number?
False
Is 10657737731 a composite number?
True
Is 155593785427 composite?
True
Is 412428439 composite?
False
Is 259782365543 prime?
False
Is 708775387 a prime number?
False
Is 307919204223 a prime number?
False
Is 27640799 prime?
False
Is 4432038241 prime?
True
Is 65631707909 a composite number?
False
Is 17583047411 prime?
True
Is 10525139293 prime?
False
Is 5804646439 composite?
False
Is 5533621097 composite?
True
Is 28127524207 prime?
False
Is 318863267 a composite number?
False
Is 113924261021 composite?
True
Is 25649001437 composite?
False
Is 167419741 a prime number?
False
Is 14471047 a composite number?
True
Is 8732858467 prime?
True
Is 1711440589 composite?
False
Is 1354397635 prime?
False
Is 29829248681 a prime number?
False
Is 243293387 composite?
False
Is 4358207011 prime?
True
Is 70637557 prime?
True
Is 8135452111 prime?
False
Is 1144069357 a prime number?
True
Is 40086594889 composite?
True
Is 189075366839 a composite number?
F